{"id":2324,"date":"2022-03-12T23:29:23","date_gmt":"2022-03-12T22:29:23","guid":{"rendered":"http:\/\/amisduchateau.fr\/sacm\/?page_id=2324"},"modified":"2023-05-19T10:34:23","modified_gmt":"2023-05-19T08:34:23","slug":"le-lanternon","status":"publish","type":"page","link":"http:\/\/amisduchateau.fr\/sacm\/publications\/le-lanternon\/","title":{"rendered":"Le Lanternon"},"content":{"rendered":"\n<figure class=\"wp-block-table is-style-regular\"><table class=\"has-background\" style=\"background-color:#fcb90030\"><tbody><tr><td class=\"has-text-align-center\" data-align=\"center\"><img loading=\"lazy\" decoding=\"async\" width=\"180\" height=\"277\" class=\"wp-image-2850\" style=\"width: 180px;\" src=\"http:\/\/amisduchateau.fr\/sacm\/wp-content\/uploads\/2023\/05\/Le-Lanternon-Numero-3.png\" alt=\"\" srcset=\"http:\/\/amisduchateau.fr\/sacm\/wp-content\/uploads\/2023\/05\/Le-Lanternon-Numero-3.png 754w, http:\/\/amisduchateau.fr\/sacm\/wp-content\/uploads\/2023\/05\/Le-Lanternon-Numero-3-195x300.png 195w, http:\/\/amisduchateau.fr\/sacm\/wp-content\/uploads\/2023\/05\/Le-Lanternon-Numero-3-665x1024.png 665w, http:\/\/amisduchateau.fr\/sacm\/wp-content\/uploads\/2023\/05\/Le-Lanternon-Numero-3-39x60.png 39w\" sizes=\"auto, (max-width: 180px) 100vw, 180px\" \/><\/td><td><strong>Num\u00e9ro 3 &#8211; Avril 2023<\/strong><br>SARTROUVILLE<br><em>DES PREMIERS DEFRICHEURS A LA DEUXIEME VILLE DES YVELINES<\/em><br>Br\u00e8ve histoire de Sartrouville<br>L\u2019\u00e9glise Saint-Martin de Sartrouville<br>La Vaudoire<br>De la Maison d\u2019\u00e9ducation Lepeletier de Saint-Fargeau<br>   \u00e0 l\u2019\u00e9cole de pr\u00e9servation Th\u00e9ophile Roussel\u2026<br>\u00c0 ne pas manquer<\/td><\/tr><tr><td class=\"has-text-align-center\" data-align=\"center\"><img loading=\"lazy\" decoding=\"async\" width=\"200\" height=\"283\" class=\"wp-image-2768\" style=\"width: 200px;\" src=\"http:\/\/amisduchateau.fr\/sacm\/wp-content\/uploads\/2023\/03\/La-Lanternon-Numero-2.png\" alt=\"\" srcset=\"http:\/\/amisduchateau.fr\/sacm\/wp-content\/uploads\/2023\/03\/La-Lanternon-Numero-2.png 561w, http:\/\/amisduchateau.fr\/sacm\/wp-content\/uploads\/2023\/03\/La-Lanternon-Numero-2-212x300.png 212w, http:\/\/amisduchateau.fr\/sacm\/wp-content\/uploads\/2023\/03\/La-Lanternon-Numero-2-42x60.png 42w\" sizes=\"auto, (max-width: 200px) 100vw, 200px\" \/><\/td><td><strong>Num\u00e9ro 2 &#8211; Janvier 2023<\/strong><br>LE MESNIL-LE-ROI<br><em>L&rsquo;ESPRIT DE VILLAGE<\/em><br>Le Mesnil-le-Roi au fil du temps<br>La Sabli\u00e8re<br>Kultura<br>De la pierre aux champignons<br>Le golf au Mesnil-le-Roi<br>Si les vignes du Mesnil nous \u00e9taient cont\u00e9es<\/td><\/tr><tr><td class=\"has-text-align-center\" data-align=\"center\"><img loading=\"lazy\" decoding=\"async\" width=\"200\" height=\"283\" class=\"wp-image-2767\" style=\"width: 200px;\" src=\"http:\/\/amisduchateau.fr\/sacm\/wp-content\/uploads\/2023\/03\/La-Lanternon-Numero-1.png\" alt=\"\" srcset=\"http:\/\/amisduchateau.fr\/sacm\/wp-content\/uploads\/2023\/03\/La-Lanternon-Numero-1.png 561w, http:\/\/amisduchateau.fr\/sacm\/wp-content\/uploads\/2023\/03\/La-Lanternon-Numero-1-212x300.png 212w, http:\/\/amisduchateau.fr\/sacm\/wp-content\/uploads\/2023\/03\/La-Lanternon-Numero-1-42x60.png 42w\" sizes=\"auto, (max-width: 200px) 100vw, 200px\" \/><\/td><td><strong>Num\u00e9ro 1 &#8211; Septembre 2022<\/strong><br>HISTOIRE DE MAISONS<br><em>SOUS L\u2019ANCIEN R\u00c9GIME<\/em><br>I. Les origines et le cadre<br>II. Les seigneurs et les ch\u00e2teaux de Maisons<br>III. La vie au village avant 1789<\/td><\/tr><\/tbody><\/table><\/figure>\n","protected":false},"excerpt":{"rendered":"<p>Num\u00e9ro 3 &#8211; Avril 2023SARTROUVILLEDES PREMIERS DEFRICHEURS A LA DEUXIEME VILLE DES YVELINESBr\u00e8ve histoire de SartrouvilleL\u2019\u00e9glise Saint-Martin de SartrouvilleLa VaudoireDe la Maison d\u2019\u00e9ducation Lepeletier de Saint-Fargeau \u00e0 l\u2019\u00e9cole de pr\u00e9servation Th\u00e9ophile Roussel\u2026\u00c0 ne pas manquer Num\u00e9ro 2 &#8211; Janvier 2023LE MESNIL-LE-ROIL&rsquo;ESPRIT DE VILLAGELe Mesnil-le-Roi au &hellip; <\/p>\n","protected":false},"author":1,"featured_media":0,"parent":583,"menu_order":0,"comment_status":"closed","ping_status":"closed","template":"","meta":{"_vp_format_video_url":"","_vp_image_focal_point":[],"footnotes":""},"class_list":["post-2324","page","type-page","status-publish","hentry"],"_links":{"self":[{"href":"http:\/\/amisduchateau.fr\/sacm\/wp-json\/wp\/v2\/pages\/2324","targetHints":{"allow":["GET"]}}],"collection":[{"href":"http:\/\/amisduchateau.fr\/sacm\/wp-json\/wp\/v2\/pages"}],"about":[{"href":"http:\/\/amisduchateau.fr\/sacm\/wp-json\/wp\/v2\/types\/page"}],"author":[{"embeddable":true,"href":"http:\/\/amisduchateau.fr\/sacm\/wp-json\/wp\/v2\/users\/1"}],"replies":[{"embeddable":true,"href":"http:\/\/amisduchateau.fr\/sacm\/wp-json\/wp\/v2\/comments?post=2324"}],"version-history":[{"count":5,"href":"http:\/\/amisduchateau.fr\/sacm\/wp-json\/wp\/v2\/pages\/2324\/revisions"}],"predecessor-version":[{"id":3674,"href":"http:\/\/amisduchateau.fr\/sacm\/wp-json\/wp\/v2\/pages\/2324\/revisions\/3674"}],"up":[{"embeddable":true,"href":"http:\/\/amisduchateau.fr\/sacm\/wp-json\/wp\/v2\/pages\/583"}],"wp:attachment":[{"href":"http:\/\/amisduchateau.fr\/sacm\/wp-json\/wp\/v2\/media?parent=2324"}],"curies":[{"name":"wp","href":"https:\/\/api.w.org\/{rel}","templated":true}]}}

<figure class="wp-block-table is-style-regular"><table class="has-background" style="background-color:#fcb90030"><tbody><tr><td class="has-text-align-center" data-align="center"><img loading="lazy" decoding="async" width="180" height="277" class="wp-image-2850" style="width: 180px;" src="http://amisduchateau.fr/sacm/wp-content/uploads/2023/05/Le-Lanternon-Numero-3.png" alt="" srcset="http://amisduchateau.fr/sacm/wp-content/uploads/2023/05/Le-Lanternon-Numero-3.png 754w, http://amisduchateau.fr/sacm/wp-content/uploads/2023/05/Le-Lanternon-Numero-3-195x300.png 195w, http://amisduchateau.fr/sacm/wp-content/uploads/2023/05/Le-Lanternon-Numero-3-665x1024.png 665w, http://amisduchateau.fr/sacm/wp-content/uploads/2023/05/Le-Lanternon-Numero-3-39x60.png 39w" sizes="auto, (max-width: 180px) 100vw, 180px" /></td><td><strong>Numéro 3 &#8211; Avril 2023</strong><br>SARTROUVILLE<br><em>DES PREMIERS DEFRICHEURS A LA DEUXIEME VILLE DES YVELINES</em><br>Brève histoire de Sartrouville<br>L’église Saint-Martin de Sartrouville<br>La Vaudoire<br>De la Maison d’éducation Lepeletier de Saint-Fargeau<br>   à l’école de préservation Théophile Roussel…<br>À ne pas manquer</td></tr><tr><td class="has-text-align-center" data-align="center"><img loading="lazy" decoding="async" width="200" height="283" class="wp-image-2768" style="width: 200px;" src="http://amisduchateau.fr/sacm/wp-content/uploads/2023/03/La-Lanternon-Numero-2.png" alt="" srcset="http://amisduchateau.fr/sacm/wp-content/uploads/2023/03/La-Lanternon-Numero-2.png 561w, http://amisduchateau.fr/sacm/wp-content/uploads/2023/03/La-Lanternon-Numero-2-212x300.png 212w, http://amisduchateau.fr/sacm/wp-content/uploads/2023/03/La-Lanternon-Numero-2-42x60.png 42w" sizes="auto, (max-width: 200px) 100vw, 200px" /></td><td><strong>Numéro 2 &#8211; Janvier 2023</strong><br>LE MESNIL-LE-ROI<br><em>L&rsquo;ESPRIT DE VILLAGE</em><br>Le Mesnil-le-Roi au fil du temps<br>La Sablière<br>Kultura<br>De la pierre aux champignons<br>Le golf au Mesnil-le-Roi<br>Si les vignes du Mesnil nous étaient contées</td></tr><tr><td class="has-text-align-center" data-align="center"><img loading="lazy" decoding="async" width="200" height="283" class="wp-image-2767" style="width: 200px;" src="http://amisduchateau.fr/sacm/wp-content/uploads/2023/03/La-Lanternon-Numero-1.png" alt="" srcset="http://amisduchateau.fr/sacm/wp-content/uploads/2023/03/La-Lanternon-Numero-1.png 561w, http://amisduchateau.fr/sacm/wp-content/uploads/2023/03/La-Lanternon-Numero-1-212x300.png 212w, http://amisduchateau.fr/sacm/wp-content/uploads/2023/03/La-Lanternon-Numero-1-42x60.png 42w" sizes="auto, (max-width: 200px) 100vw, 200px" /></td><td><strong>Numéro 1 &#8211; Septembre 2022</strong><br>HISTOIRE DE MAISONS<br><em>SOUS L’ANCIEN RÉGIME</em><br>I. Les origines et le cadre<br>II. Les seigneurs et les châteaux de Maisons<br>III. La vie au village avant 1789</td></tr></tbody></table></figure>

<p>Numéro 3 &#8211; Avril 2023SARTROUVILLEDES PREMIERS DEFRICHEURS A LA DEUXIEME VILLE DES YVELINESBrève histoire de SartrouvilleL’église Saint-Martin de SartrouvilleLa VaudoireDe la Maison d’éducation Lepeletier de Saint-Fargeau à l’école de préservation Théophile Roussel…À ne pas manquer Numéro 2 &#8211; Janvier 2023LE MESNIL-LE-ROIL&rsquo;ESPRIT DE VILLAGELe Mesnil-le-Roi au &hellip; </p>
