{"id":624,"date":"2018-04-14T17:25:34","date_gmt":"2018-04-14T15:25:34","guid":{"rendered":"http:\/\/amisduchateau.fr\/sacm\/?page_id=624"},"modified":"2026-04-28T14:46:05","modified_gmt":"2026-04-28T12:46:05","slug":"accueil","status":"publish","type":"page","link":"http:\/\/amisduchateau.fr\/sacm\/accueil\/","title":{"rendered":"Accueil"},"content":{"rendered":"\n<p class=\"has-drop-cap\" style=\"font-size:16px;font-style:normal;font-weight:100;letter-spacing:-0.2px\">La Soci\u00e9t\u00e9 des Amis du Ch\u00e2teau de Maisons est une grande association culturelle ouverte \u00e0 tous qui propose des activit\u00e9s culturelles nombreuses et vari\u00e9es (conf\u00e9rences, colloques, expositions, journ\u00e9es d\u2019\u00e9tude, sorties, visites et voyages culturels\u2026) sur des th\u00e8mes diversifi\u00e9s en histoire, histoire de l\u2019Art, litt\u00e9rature, musique&#8230;<br>Elle \u0153uvre pour la connaissance de l\u2019Histoire (nombreuses conf\u00e9rences par des historiens sp\u00e9cialistes, publication d\u2019articles sur l\u2019histoire du ch\u00e2teau et sur l\u2019histoire locale, articles historiques) et pour le d\u00e9veloppement de recherches historiques locales (Cercle historique).<br>La SACM est \u00e9galement impliqu\u00e9e dans la mise en valeur du Ch\u00e2teau de Maisons \u00e0 travers ses actions de m\u00e9c\u00e9nat.<\/p>\n\n\n\n<hr class=\"wp-block-separator aligncenter has-text-color has-black-color has-alpha-channel-opacity has-black-background-color has-background is-style-dots\"\/>\n\n\n\n<p style=\"font-size:16px;font-style:normal;font-weight:300\">Les locaux des Amis du Ch\u00e2teau de Maisons (SACM) sont situ\u00e9s dans les locaux du Centre Sportif et Culturel de Maisons-Laffitte (CSC) au 2\u00e8me \u00e9tage (89 rue de la Muette \u2013 Maisons-Laffitte).<br>Pour toute correspondance : SACM &#8211; 89 rue de la Muette 78600 Maisons-Laffitte<br>Accueil des adh\u00e9rents : Les adh\u00e9rents sont re\u00e7us \u00e0 cette m\u00eame adresse le mardi et le jeudi de 14h30 \u00e0 17h30<br>T\u00e9l\u00e9phone : 01 39 12 48 06 (En dehors des heures de permanence, laisser un message sur le r\u00e9pondeur)<br>Courriel : <a href=\"mailto:sacm78@orange.fr\">sacm78@orange.fr<\/a> \/ Site Internet : <a href=\"https:\/\/www.amisduchateau.fr\" data-type=\"link\" data-id=\"https:\/\/www.amisduchateau.fr\">www.amisduchateau.fr<\/a><br>Les r\u00e9servations pour les conf\u00e9rences et sorties peuvent se faire directement sur le site internet.<\/p>\n\n\n\n<hr class=\"wp-block-separator has-alpha-channel-opacity\"\/>\n\n\n<h2 id=\"tablepress-1-name\" class=\"tablepress-table-name tablepress-table-name-id-1\">Actualit\u00e9s<\/h2>\n\n<table id=\"tablepress-1\" class=\"tablepress tablepress-id-1\" aria-labelledby=\"tablepress-1-name\">\n<tbody class=\"row-hover\">\n<tr class=\"row-1\">\n\t<td class=\"column-1\"><img loading=\"lazy\" decoding=\"async\" src=\"http:\/\/amisduchateau.fr\/sacm\/wp-content\/uploads\/2019\/05\/logo.png\" alt=\"\" width=\"150\" height=\"150\" class=\"alignnone size-thumbnail wp-image-1239\" \/><\/td><td class=\"column-2\"><big><strong>Saison 2025-2026<\/strong><\/big><br \/>\n<a href=\"http:\/\/amisduchateau.fr\/sacm\/wp-content\/uploads\/2025\/08\/Programme-SACM-2025-2026.pdf\" rel=\"noopener noreferrer\" target=\"_blank\">Programme<\/a><br \/>\n<a href=\"http:\/\/amisduchateau.fr\/sacm\/wp-content\/uploads\/2025\/09\/Renouvellement-adhesion-2025-2026.pdf\" rel=\"noopener noreferrer\" target=\"_blank\">Renouvellement d'adh\u00e9sion<\/a><br \/>\n<a href=\"http:\/\/amisduchateau.fr\/sacm\/wp-content\/uploads\/2025\/09\/Nouvelle-adhesion-2025-2026.pdf\" rel=\"noopener noreferrer\" target=\"_blank\">Nouvelle adh\u00e9sion<\/a><\/td>\n<\/tr>\n<\/tbody>\n<\/table>\n<!-- #tablepress-1 from cache -->\n\n\n\n\n\n\n\n<ul class=\"wp-block-list\"><\/ul>\n\n\n<h2 id=\"tablepress-2-name\" class=\"tablepress-table-name tablepress-table-name-id-2\">Prochains \u00e9v\u00e9nements<\/h2>\n\n<table id=\"tablepress-2\" class=\"tablepress tablepress-id-2\" aria-labelledby=\"tablepress-2-name\">\n<tbody class=\"row-hover\">\n<tr class=\"row-1\">\n\t<td class=\"column-1\"><a href=\"https:\/\/amisduchateau.fr\/sacm\/evenements\/andre-malraux-ses-vies-son-oeuvre\/\"><img loading=\"lazy\" decoding=\"async\" src=\"http:\/\/amisduchateau.fr\/sacm\/wp-content\/uploads\/2026\/04\/malraux_1-1.jpg\" alt=\"\" width=\"150\" height=\"150\" class=\"alignnone size-thumbnail wp-image-1087\" \/><\/a><\/td><td class=\"column-2\"><a href=\"https:\/\/amisduchateau.fr\/sacm\/evenements\/andre-malraux-ses-vies-son-oeuvre\/\"><big><strong>Andr\u00e9 Malraux, ses vies, son \u0153uvre<\/strong><\/big><\/a><br \/>\nConf\u00e9rence historique par Fran\u00e7ois Boulet<br \/>\n<u>Samedi 9 mai 2026 \u00e0 14h30<\/u><br \/>\n<i>Centre Georges Brassens au Mesnil-le-Roi<\/i><\/td>\n<\/tr>\n<tr class=\"row-2\">\n\t<td class=\"column-1\"><img loading=\"lazy\" decoding=\"async\" src=\"http:\/\/amisduchateau.fr\/sacm\/wp-content\/uploads\/2026\/03\/porcelaine_1-1.jpg\" alt=\"\" width=\"150\" height=\"150\" class=\"alignnone size-thumbnail wp-image-1087\" \/><\/td><td class=\"column-2\"><big><strong>Visite de l\u2019exposition \"S\u00e8vres, une passion Rothschild\"<\/strong><\/big><br \/>\n<a href=\"https:\/\/amisduchateau.fr\/sacm\/evenements\/visite-de-lexposition-sevres-une-passion-rothschild-1\/\">Mardi 5 mai 2026 \u00e0 15h<\/a><br \/>\n<a href=\"https:\/\/amisduchateau.fr\/sacm\/evenements\/visite-de-lexposition-sevres-une-passion-rothschild-2\/\">Mardi 19 mai 2026 \u00e0 15h<\/a><br \/>\n<i>Galerie des Gobelins \u00e0 Paris<\/i><br \/>\n<span style=\"background-color: #FF6600; color: White;\">&nbsp;COMPLET merci de contacter le bureau&nbsp;<\/span><\/td>\n<\/tr>\n<tr class=\"row-3\">\n\t<td class=\"column-1\"><a href=\"https:\/\/amisduchateau.fr\/sacm\/evenements\/visite-de-lhotel-de-noailles\/\"><img loading=\"lazy\" decoding=\"async\" src=\"http:\/\/amisduchateau.fr\/sacm\/wp-content\/uploads\/2026\/04\/noailles_1-1.jpg\" alt=\"\" width=\"150\" height=\"150\" class=\"alignnone size-thumbnail wp-image-1087\" \/><\/a><\/td><td class=\"column-2\"><a href=\"https:\/\/amisduchateau.fr\/sacm\/evenements\/visite-de-lhotel-de-noailles\/\"><big><strong>Visite de l'h\u00f4tel de Noailles<\/strong><\/big><\/a><br \/>\nEl\u00e9gante maison de plaisance du XVIIIe<br \/>\n<u>Lundi 8 juin 2026, visite \u00e0 14h30 ou \u00e0 16h30<\/u><br \/>\n<i>11 rue d'Alsace \u00e0 Saint-Germain-en-Laye<\/i><\/td>\n<\/tr>\n<tr class=\"row-4\">\n\t<td class=\"column-1\"><a href=\"https:\/\/amisduchateau.fr\/sacm\/evenements\/decouverte-de-louzbekistan\/\"><img loading=\"lazy\" decoding=\"async\" src=\"http:\/\/amisduchateau.fr\/sacm\/wp-content\/uploads\/2026\/01\/ouzbekistan_1-1.jpg\" alt=\"\" width=\"150\" height=\"150\" class=\"alignnone size-thumbnail wp-image-1087\" \/><\/a><\/td><td class=\"column-2\"><a href=\"https:\/\/amisduchateau.fr\/sacm\/evenements\/decouverte-de-louzbekistan\/\"><big><strong>D\u00e9couverte de l\u2019Ouzb\u00e9kistan<\/strong><\/big><\/a><br \/>\nLes villes l\u00e9gendes d\u2019Asie centrale :<br \/>\nTACHKENT, SAMARCANDE, BOUKHARA, KHIVA<br \/>\n12 jours\/11 nuits <u>du mardi 26 mai au samedi 6 juin 2026<\/u> (40 places)<br \/>\n<span style=\"background-color: #FF6600; color: White;\">&nbsp;COMPLET merci de contacter le bureau&nbsp;<\/span><\/td>\n<\/tr>\n<tr class=\"row-5\">\n\t<td class=\"column-1\"><a href=\"https:\/\/amisduchateau.fr\/sacm\/evenements\/pique-nique-des-arts-2026\/\"><img loading=\"lazy\" decoding=\"async\" src=\"http:\/\/amisduchateau.fr\/sacm\/wp-content\/uploads\/2026\/04\/pique-nique_1-1.jpg\" alt=\"\" width=\"150\" height=\"150\" class=\"alignnone size-thumbnail wp-image-1087\" \/><\/a><\/td><td class=\"column-2\"><a href=\"https:\/\/amisduchateau.fr\/sacm\/evenements\/pique-nique-des-arts-2026\/\"><big><strong>Pique-nique des Arts<\/strong><\/big><\/a><br \/>\nPique-nique co-organis\u00e9 avec le Centre des Monuments Nationaux<br \/>\nProgramme en continu de 18h30 \u00e0 22h<br \/>\n<u>Samedi 13 juin 2026 \u00e0 partir de 18h30<\/u><br \/>\n<i>Ch\u00e2teau de Maisons-Laffitte<\/i><\/td>\n<\/tr>\n<\/tbody>\n<\/table>\n<!-- #tablepress-2 from cache -->\n\n\n<!-- Le tableau avec l\u2018ID 8 est vide\u00a0! --><!-- #tablepress-8 from cache -->\n","protected":false},"excerpt":{"rendered":"<p>La Soci\u00e9t\u00e9 des Amis du Ch\u00e2teau de Maisons est une grande association culturelle ouverte \u00e0 tous qui propose des activit\u00e9s culturelles nombreuses et vari\u00e9es (conf\u00e9rences, colloques, expositions, journ\u00e9es d\u2019\u00e9tude, sorties, visites et voyages culturels\u2026) sur des th\u00e8mes diversifi\u00e9s en histoire, histoire de l\u2019Art, litt\u00e9rature, musique&#8230;Elle &hellip; <\/p>\n","protected":false},"author":1,"featured_media":0,"parent":0,"menu_order":0,"comment_status":"closed","ping_status":"closed","template":"","meta":{"_vp_format_video_url":"","_vp_image_focal_point":[],"footnotes":""},"class_list":["post-624","page","type-page","status-publish","hentry"],"_links":{"self":[{"href":"http:\/\/amisduchateau.fr\/sacm\/wp-json\/wp\/v2\/pages\/624","targetHints":{"allow":["GET"]}}],"collection":[{"href":"http:\/\/amisduchateau.fr\/sacm\/wp-json\/wp\/v2\/pages"}],"about":[{"href":"http:\/\/amisduchateau.fr\/sacm\/wp-json\/wp\/v2\/types\/page"}],"author":[{"embeddable":true,"href":"http:\/\/amisduchateau.fr\/sacm\/wp-json\/wp\/v2\/users\/1"}],"replies":[{"embeddable":true,"href":"http:\/\/amisduchateau.fr\/sacm\/wp-json\/wp\/v2\/comments?post=624"}],"version-history":[{"count":158,"href":"http:\/\/amisduchateau.fr\/sacm\/wp-json\/wp\/v2\/pages\/624\/revisions"}],"predecessor-version":[{"id":3970,"href":"http:\/\/amisduchateau.fr\/sacm\/wp-json\/wp\/v2\/pages\/624\/revisions\/3970"}],"wp:attachment":[{"href":"http:\/\/amisduchateau.fr\/sacm\/wp-json\/wp\/v2\/media?parent=624"}],"curies":[{"name":"wp","href":"https:\/\/api.w.org\/{rel}","templated":true}]}}

<p class="has-drop-cap" style="font-size:16px;font-style:normal;font-weight:100;letter-spacing:-0.2px">La Société des Amis du Château de Maisons est une grande association culturelle ouverte à tous qui propose des activités culturelles nombreuses et variées (conférences, colloques, expositions, journées d’étude, sorties, visites et voyages culturels…) sur des thèmes diversifiés en histoire, histoire de l’Art, littérature, musique&#8230;<br>Elle œuvre pour la connaissance de l’Histoire (nombreuses conférences par des historiens spécialistes, publication d’articles sur l’histoire du château et sur l’histoire locale, articles historiques) et pour le développement de recherches historiques locales (Cercle historique).<br>La SACM est également impliquée dans la mise en valeur du Château de Maisons à travers ses actions de mécénat.</p>



<hr class="wp-block-separator aligncenter has-text-color has-black-color has-alpha-channel-opacity has-black-background-color has-background is-style-dots"/>



<p style="font-size:16px;font-style:normal;font-weight:300">Les locaux des Amis du Château de Maisons (SACM) sont situés dans les locaux du Centre Sportif et Culturel de Maisons-Laffitte (CSC) au 2ème étage (89 rue de la Muette – Maisons-Laffitte).<br>Pour toute correspondance : SACM &#8211; 89 rue de la Muette 78600 Maisons-Laffitte<br>Accueil des adhérents : Les adhérents sont reçus à cette même adresse le mardi et le jeudi de 14h30 à 17h30<br>Téléphone : 01 39 12 48 06 (En dehors des heures de permanence, laisser un message sur le répondeur)<br>Courriel : <a href="mailto:sacm78@orange.fr">sacm78@orange.fr</a> / Site Internet : <a href="https://www.amisduchateau.fr" data-type="link" data-id="https://www.amisduchateau.fr">www.amisduchateau.fr</a><br>Les réservations pour les conférences et sorties peuvent se faire directement sur le site internet.</p>



<hr class="wp-block-separator has-alpha-channel-opacity"/>


<h2 id="tablepress-1-name" class="tablepress-table-name tablepress-table-name-id-1">Actualités</h2>

<table id="tablepress-1" class="tablepress tablepress-id-1" aria-labelledby="tablepress-1-name">
<tbody class="row-hover">
<tr class="row-1">
	<td class="column-1"><img loading="lazy" decoding="async" src="http://amisduchateau.fr/sacm/wp-content/uploads/2019/05/logo.png" alt="" width="150" height="150" class="alignnone size-thumbnail wp-image-1239" /></td><td class="column-2"><big><strong>Saison 2025-2026</strong></big><br />
<a href="http://amisduchateau.fr/sacm/wp-content/uploads/2025/08/Programme-SACM-2025-2026.pdf" rel="noopener noreferrer" target="_blank">Programme</a><br />
<a href="http://amisduchateau.fr/sacm/wp-content/uploads/2025/09/Renouvellement-adhesion-2025-2026.pdf" rel="noopener noreferrer" target="_blank">Renouvellement d'adhésion</a><br />
<a href="http://amisduchateau.fr/sacm/wp-content/uploads/2025/09/Nouvelle-adhesion-2025-2026.pdf" rel="noopener noreferrer" target="_blank">Nouvelle adhésion</a></td>
</tr>
</tbody>
</table>
<!-- #tablepress-1 from cache -->







<ul class="wp-block-list"></ul>


<h2 id="tablepress-2-name" class="tablepress-table-name tablepress-table-name-id-2">Prochains événements</h2>

<table id="tablepress-2" class="tablepress tablepress-id-2" aria-labelledby="tablepress-2-name">
<tbody class="row-hover">
<tr class="row-1">
	<td class="column-1"><a href="https://amisduchateau.fr/sacm/evenements/andre-malraux-ses-vies-son-oeuvre/"><img loading="lazy" decoding="async" src="http://amisduchateau.fr/sacm/wp-content/uploads/2026/04/malraux_1-1.jpg" alt="" width="150" height="150" class="alignnone size-thumbnail wp-image-1087" /></a></td><td class="column-2"><a href="https://amisduchateau.fr/sacm/evenements/andre-malraux-ses-vies-son-oeuvre/"><big><strong>André Malraux, ses vies, son œuvre</strong></big></a><br />
Conférence historique par François Boulet<br />
<u>Samedi 9 mai 2026 à 14h30</u><br />
<i>Centre Georges Brassens au Mesnil-le-Roi</i></td>
</tr>
<tr class="row-2">
	<td class="column-1"><img loading="lazy" decoding="async" src="http://amisduchateau.fr/sacm/wp-content/uploads/2026/03/porcelaine_1-1.jpg" alt="" width="150" height="150" class="alignnone size-thumbnail wp-image-1087" /></td><td class="column-2"><big><strong>Visite de l’exposition "Sèvres, une passion Rothschild"</strong></big><br />
<a href="https://amisduchateau.fr/sacm/evenements/visite-de-lexposition-sevres-une-passion-rothschild-1/">Mardi 5 mai 2026 à 15h</a><br />
<a href="https://amisduchateau.fr/sacm/evenements/visite-de-lexposition-sevres-une-passion-rothschild-2/">Mardi 19 mai 2026 à 15h</a><br />
<i>Galerie des Gobelins à Paris</i><br />
<span style="background-color: #FF6600; color: White;">&nbsp;COMPLET merci de contacter le bureau&nbsp;</span></td>
</tr>
<tr class="row-3">
	<td class="column-1"><a href="https://amisduchateau.fr/sacm/evenements/visite-de-lhotel-de-noailles/"><img loading="lazy" decoding="async" src="http://amisduchateau.fr/sacm/wp-content/uploads/2026/04/noailles_1-1.jpg" alt="" width="150" height="150" class="alignnone size-thumbnail wp-image-1087" /></a></td><td class="column-2"><a href="https://amisduchateau.fr/sacm/evenements/visite-de-lhotel-de-noailles/"><big><strong>Visite de l'hôtel de Noailles</strong></big></a><br />
Elégante maison de plaisance du XVIIIe<br />
<u>Lundi 8 juin 2026, visite à 14h30 ou à 16h30</u><br />
<i>11 rue d'Alsace à Saint-Germain-en-Laye</i></td>
</tr>
<tr class="row-4">
	<td class="column-1"><a href="https://amisduchateau.fr/sacm/evenements/decouverte-de-louzbekistan/"><img loading="lazy" decoding="async" src="http://amisduchateau.fr/sacm/wp-content/uploads/2026/01/ouzbekistan_1-1.jpg" alt="" width="150" height="150" class="alignnone size-thumbnail wp-image-1087" /></a></td><td class="column-2"><a href="https://amisduchateau.fr/sacm/evenements/decouverte-de-louzbekistan/"><big><strong>Découverte de l’Ouzbékistan</strong></big></a><br />
Les villes légendes d’Asie centrale :<br />
TACHKENT, SAMARCANDE, BOUKHARA, KHIVA<br />
12 jours/11 nuits <u>du mardi 26 mai au samedi 6 juin 2026</u> (40 places)<br />
<span style="background-color: #FF6600; color: White;">&nbsp;COMPLET merci de contacter le bureau&nbsp;</span></td>
</tr>
<tr class="row-5">
	<td class="column-1"><a href="https://amisduchateau.fr/sacm/evenements/pique-nique-des-arts-2026/"><img loading="lazy" decoding="async" src="http://amisduchateau.fr/sacm/wp-content/uploads/2026/04/pique-nique_1-1.jpg" alt="" width="150" height="150" class="alignnone size-thumbnail wp-image-1087" /></a></td><td class="column-2"><a href="https://amisduchateau.fr/sacm/evenements/pique-nique-des-arts-2026/"><big><strong>Pique-nique des Arts</strong></big></a><br />
Pique-nique co-organisé avec le Centre des Monuments Nationaux<br />
Programme en continu de 18h30 à 22h<br />
<u>Samedi 13 juin 2026 à partir de 18h30</u><br />
<i>Château de Maisons-Laffitte</i></td>
</tr>
</tbody>
</table>
<!-- #tablepress-2 from cache -->


<!-- Le tableau avec l‘ID 8 est vide ! --><!-- #tablepress-8 from cache -->

<p>La Société des Amis du Château de Maisons est une grande association culturelle ouverte à tous qui propose des activités culturelles nombreuses et variées (conférences, colloques, expositions, journées d’étude, sorties, visites et voyages culturels…) sur des thèmes diversifiés en histoire, histoire de l’Art, littérature, musique&#8230;Elle &hellip; </p>
